{"id":880,"date":"2024-10-06T15:11:05","date_gmt":"2024-10-06T15:11:05","guid":{"rendered":"https:\/\/terangagoods.com\/?post_type=product&#038;p=880"},"modified":"2026-03-05T14:40:06","modified_gmt":"2026-03-05T14:40:06","slug":"bracelet-teranga-strass-marron","status":"publish","type":"product","link":"https:\/\/terangagoods.com\/index.php\/product\/bracelet-teranga-strass-marron\/","title":{"rendered":"Bracelet Teranga Strass Marron"},"content":{"rendered":"<p class=\"p1\">Un choix id\u00e9al pour ceux qui recherchent un accessoire \u00e0 la fois moderne et intemporel.<\/p>\n<p class=\"p1\"><strong>Mati\u00e8re du Bracelet :<\/strong> Acier Inoxydable<\/p>\n<p><strong>Pierres :<\/strong> Zircon<\/p>\n<p class=\"p1\"><strong>Finition :<\/strong> Plaqu\u00e9e or jaune 18 carats.<\/p>\n<p class=\"p1\"><strong>Diam\u00e8tre des strass<\/strong> : Environ 20mm<\/p>\n<p><strong>Longueur:<\/strong> 16cm + extension 4cm<\/p>\n","protected":false},"excerpt":{"rendered":"<h4>Un choix id\u00e9al pour ceux qui recherchent un accessoire \u00e0 la fois moderne et intemporel.<\/h4>\n<p>Ce bracelet raffin\u00e9 en acier inoxydable arbore un design contemporain, serti de zircon marron de 2 carats qui capte la lumi\u00e8re avec \u00e9clat. Mesurant 16 cm de longueur, il est accompagn\u00e9 d&rsquo;une extension de 4 cm pour un ajustement parfait \u00e0 votre poignet.<\/p>\n","protected":false},"featured_media":1402,"comment_status":"open","ping_status":"closed","template":"","meta":[],"product_brand":[],"product_cat":[41,49],"product_tag":[],"class_list":{"0":"post-880","1":"product","2":"type-product","3":"status-publish","4":"has-post-thumbnail","6":"product_cat-accessoires","7":"product_cat-bracelet","9":"first","10":"instock","11":"shipping-taxable","12":"purchasable","13":"product-type-simple"},"_links":{"self":[{"href":"https:\/\/terangagoods.com\/index.php\/wp-json\/wp\/v2\/product\/880","targetHints":{"allow":["GET"]}}],"collection":[{"href":"https:\/\/terangagoods.com\/index.php\/wp-json\/wp\/v2\/product"}],"about":[{"href":"https:\/\/terangagoods.com\/index.php\/wp-json\/wp\/v2\/types\/product"}],"replies":[{"embeddable":true,"href":"https:\/\/terangagoods.com\/index.php\/wp-json\/wp\/v2\/comments?post=880"}],"wp:featuredmedia":[{"embeddable":true,"href":"https:\/\/terangagoods.com\/index.php\/wp-json\/wp\/v2\/media\/1402"}],"wp:attachment":[{"href":"https:\/\/terangagoods.com\/index.php\/wp-json\/wp\/v2\/media?parent=880"}],"wp:term":[{"taxonomy":"product_brand","embeddable":true,"href":"https:\/\/terangagoods.com\/index.php\/wp-json\/wp\/v2\/product_brand?post=880"},{"taxonomy":"product_cat","embeddable":true,"href":"https:\/\/terangagoods.com\/index.php\/wp-json\/wp\/v2\/product_cat?post=880"},{"taxonomy":"product_tag","embeddable":true,"href":"https:\/\/terangagoods.com\/index.php\/wp-json\/wp\/v2\/product_tag?post=880"}],"curies":[{"name":"wp","href":"https:\/\/api.w.org\/{rel}","templated":true}]}}