{"id":843,"date":"2024-09-25T23:42:47","date_gmt":"2024-09-25T23:42:47","guid":{"rendered":"https:\/\/terangagoods.com\/?post_type=product&#038;p=843"},"modified":"2025-12-26T22:51:35","modified_gmt":"2025-12-26T22:51:35","slug":"boutons-de-manchette-silver-argente","status":"publish","type":"product","link":"https:\/\/terangagoods.com\/index.php\/product\/boutons-de-manchette-silver-argente\/","title":{"rendered":"Boutons de Manchette Silver (Argent\u00e9)"},"content":{"rendered":"<p style=\"text-align: left;\">Faites une d\u00e9claration de style et de culture avec ces pi\u00e8ces incontournables !<\/p>\n<p>\ud835\udc03\ud835\udc22\ud835\udc26\ud835\udc1e\ud835\udc27\ud835\udc2c\ud835\udc22\ud835\udc28\ud835\udc27\ud835\udc2c :<br \/>\nLongueur : 20cm<br \/>\nHauteur : 17mm<\/p>\n","protected":false},"excerpt":{"rendered":"<p><strong>Offrez ou portez un embl\u00e8me du S\u00e9n\u00e9gal avec \u00e9l\u00e9gance<\/strong><\/p>\n<p>Les boutons de manchette sont l\u00e0 pour sublimer une tenue.<\/p>\n<p>Ces accessoires apportent une touche d&rsquo;\u00e9l\u00e9gance et de sophistication \u00e0 n&rsquo;importe quelle tenue.<\/p>\n","protected":false},"featured_media":844,"comment_status":"open","ping_status":"closed","template":"","meta":[],"product_brand":[],"product_cat":[41,52],"product_tag":[],"class_list":{"0":"post-843","1":"product","2":"type-product","3":"status-publish","4":"has-post-thumbnail","6":"product_cat-accessoires","7":"product_cat-boutons-de-manchette","9":"first","10":"instock","11":"shipping-taxable","12":"purchasable","13":"product-type-simple"},"_links":{"self":[{"href":"https:\/\/terangagoods.com\/index.php\/wp-json\/wp\/v2\/product\/843","targetHints":{"allow":["GET"]}}],"collection":[{"href":"https:\/\/terangagoods.com\/index.php\/wp-json\/wp\/v2\/product"}],"about":[{"href":"https:\/\/terangagoods.com\/index.php\/wp-json\/wp\/v2\/types\/product"}],"replies":[{"embeddable":true,"href":"https:\/\/terangagoods.com\/index.php\/wp-json\/wp\/v2\/comments?post=843"}],"wp:featuredmedia":[{"embeddable":true,"href":"https:\/\/terangagoods.com\/index.php\/wp-json\/wp\/v2\/media\/844"}],"wp:attachment":[{"href":"https:\/\/terangagoods.com\/index.php\/wp-json\/wp\/v2\/media?parent=843"}],"wp:term":[{"taxonomy":"product_brand","embeddable":true,"href":"https:\/\/terangagoods.com\/index.php\/wp-json\/wp\/v2\/product_brand?post=843"},{"taxonomy":"product_cat","embeddable":true,"href":"https:\/\/terangagoods.com\/index.php\/wp-json\/wp\/v2\/product_cat?post=843"},{"taxonomy":"product_tag","embeddable":true,"href":"https:\/\/terangagoods.com\/index.php\/wp-json\/wp\/v2\/product_tag?post=843"}],"curies":[{"name":"wp","href":"https:\/\/api.w.org\/{rel}","templated":true}]}}