{"id":1033,"date":"2024-12-14T11:10:04","date_gmt":"2024-12-14T11:10:04","guid":{"rendered":"https:\/\/terangagoods.com\/?post_type=product&#038;p=1033"},"modified":"2026-04-30T18:55:19","modified_gmt":"2026-04-30T18:55:19","slug":"montre-femme-collection-taaru-njegemaar","status":"publish","type":"product","link":"https:\/\/terangagoods.com\/index.php\/product\/montre-femme-collection-taaru-njegemaar\/","title":{"rendered":"Montre Femme Collection Taaru &#8211; Njegemaar"},"content":{"rendered":"<p class=\"p1\">D\u00e9couvrez la collection Taaru, o\u00f9 l&rsquo;\u00e9l\u00e9gance rencontre l&rsquo;exquis. Chaque montre est orn\u00e9e d\u2019un cadran en acier inoxydable de 36 mm sublim\u00e9 par 8 cristaux Swarovski blancs, capturant la lumi\u00e8re avec \u00e9clat.<\/p>\n<p class=\"p1\"><strong>Mati\u00e8re du Bracelet :<\/strong> Cuir<\/p>\n<p class=\"p1\"><strong>Couleur du Cadran : <\/strong>Dor\u00e9<\/p>\n<p class=\"p1\"><strong>Fond :<\/strong> Blanc<\/p>\n<p class=\"p1\"><strong>Taille de bo\u00eetier<\/strong> : 36mm<\/p>\n<p class=\"p1\"><strong>Mati\u00e8re du bo\u00eetier :<\/strong> Acier Inoxydable<\/p>\n<p class=\"p1\"><strong>Verre :<\/strong> Min\u00e9ral<\/p>\n<p class=\"p1\"><strong>R\u00e9sistance \u00e0 l\u2019eau :<\/strong> 3 ATM<\/p>\n<p class=\"p1\"><strong>Bracelet Interchangeable :<\/strong> Oui<\/p>\n","protected":false},"excerpt":{"rendered":"<h4 class=\"p1\">Njegemaar refl\u00e8te une \u00e9l\u00e9gance intemporelle et un style \u00e9pur\u00e9.<\/h4>\n<p class=\"p1\">Son bracelet en cuir bleu profond \u00e9voque la s\u00e9r\u00e9nit\u00e9, tandis que son cadran \u00e0 fond blanc, encadr\u00e9 par un contour dor\u00e9 \u00e9clatant, offre un contraste harmonieux et raffin\u00e9.<\/p>\n","protected":false},"featured_media":1387,"comment_status":"open","ping_status":"closed","template":"","meta":[],"product_brand":[],"product_cat":[34,35],"product_tag":[38,40,25],"class_list":{"0":"post-1033","1":"product","2":"type-product","3":"status-publish","4":"has-post-thumbnail","6":"product_cat-montres","7":"product_cat-montres-femme","8":"product_tag-femmes","9":"product_tag-montres-femmes","10":"product_tag-sagnse","12":"first","13":"instock","14":"shipping-taxable","15":"purchasable","16":"product-type-simple"},"_links":{"self":[{"href":"https:\/\/terangagoods.com\/index.php\/wp-json\/wp\/v2\/product\/1033","targetHints":{"allow":["GET"]}}],"collection":[{"href":"https:\/\/terangagoods.com\/index.php\/wp-json\/wp\/v2\/product"}],"about":[{"href":"https:\/\/terangagoods.com\/index.php\/wp-json\/wp\/v2\/types\/product"}],"replies":[{"embeddable":true,"href":"https:\/\/terangagoods.com\/index.php\/wp-json\/wp\/v2\/comments?post=1033"}],"wp:featuredmedia":[{"embeddable":true,"href":"https:\/\/terangagoods.com\/index.php\/wp-json\/wp\/v2\/media\/1387"}],"wp:attachment":[{"href":"https:\/\/terangagoods.com\/index.php\/wp-json\/wp\/v2\/media?parent=1033"}],"wp:term":[{"taxonomy":"product_brand","embeddable":true,"href":"https:\/\/terangagoods.com\/index.php\/wp-json\/wp\/v2\/product_brand?post=1033"},{"taxonomy":"product_cat","embeddable":true,"href":"https:\/\/terangagoods.com\/index.php\/wp-json\/wp\/v2\/product_cat?post=1033"},{"taxonomy":"product_tag","embeddable":true,"href":"https:\/\/terangagoods.com\/index.php\/wp-json\/wp\/v2\/product_tag?post=1033"}],"curies":[{"name":"wp","href":"https:\/\/api.w.org\/{rel}","templated":true}]}}